**3 + 2*u**2 - 1. Let v(x) = -r(x) - w(x). Let q be v(-1). Suppose q = 3*h - 18. What is the units digit of h?
6
Let t = 5 + -3. Let n = 15 - 8. Let v = n - t. What is the units digit of v?
5
Suppose 66 = b + 2*n, -4*b + 0*b - 2*n + 258 = 0. What is the units digit of b?
4
Suppose -150 = -3*f - 3*q + 2*q, 0 = -5*f - 5*q + 250. What is the tens digit of f?
5
Suppose -m - 2*m + 60 = 0. Suppose m = 5*t - 3*t. What is the tens digit of t?
1
Let m(n) = -n + 11. Let c be m(7). Suppose c*j = -3 - 13. What is the units digit of j/22 - (-312)/22?
4
Let z(w) = w**3 + 12*w**2 + 7*w - 13. What is the units digit of z(-11)?
1
Suppose 4*t + a - 5*a - 424 = 0, -3*a = 4*t - 452. What is the hundreds digit of t?
1
What is the units digit of 64/12*21/4?
8
Suppose -5*w + 3*w + 34 = 0. Let t(n) = 11*n + 1. Let c be t(-1). Let f = c + w. What is the units digit of f?
7
Suppose -2*u = -a - 15, 5*a = u + 2*a - 10. Suppose 0 = 3*y - u*y + 8. Suppose 3*w = -o + 26, -y*w = -w + 3*o - 6. What is the units digit of w?
9
Suppose 320 = -8*o + 10*o. What is the units digit of o?
0
Let k be (-1 - 1)/(-2)*-25. Let u = -14 - k. Suppose -31 - u = -3*p. What is the units digit of p?
4
Suppose 5*f - 5 = 245. Suppose 0 = 6*p - p - f. What is the tens digit of (-53)/(-5) + (-6)/p?
1
What is the units digit of 32/(-48) + (-22)/(-9)*15?
6
Let d = -40 - -73. What is the units digit of d?
3
Let s(v) = -v**2 - 14*v - 3. Let k = 6 + -17. What is the tens digit of s(k)?
3
Suppose 5*x = -0*x - 10. Let l = x - -25. What is the units digit of l?
3
Suppose 2*g = -4*n + 130, 5*n + 5*g - 130 = 45. Let x be (n/(-2))/(-2 + 1). Suppose y - 2*a = 5*y - 30, -y + 4*a - x = 0. What is the units digit of y?
5
Let p = -5 + 4. What is the units digit of 3 + 0 + 3 + p?
5
Let l be (3 + (-36)/8)*-6. Suppose -h + l + 18 = 0. What is the tens digit of h?
2
Let f(y) = y**3 - 6*y**2 - 7*y + 10. Suppose 10*x = 7*x + 21. What is the tens digit of f(x)?
1
Let b(n) = -n**3 - 2*n**2 + 5*n + 4. Let h = 3 + -6. Let z be b(h). What is the units digit of (z - -1)*28/(-2)?
4
Let d(a) be the second derivative of a**5/60 + a**4/3 + 2*a**3/3 + a**2/2 + 2*a. Let l(p) be the first derivative of d(p). What is the units digit of l(-8)?
4
Suppose 0 = -2*j + 9*j - 336. What is the tens digit of j?
4
What is the units digit of ((-2)/6)/(1/(-6))?
2
Let o = -12 - -17. Suppose p - 4*l = 4 - 2, -o*p + 95 = -3*l. What is the units digit of p?
2
Suppose 3*z - 4*f + 36 = 0, 3*f - 23 + 0 = 2*z. Let h(a) = a**2 + 13*a - 17. What is the tens digit of h(z)?
3
Suppose 4*j + 73 = 3*l, -5*l = 2*j - 0*j + 69. Let c = j + 33. What is the units digit of c?
1
Let a(d) be the second derivative of d**4/12 + 3*d**3/2 + 3*d**2/2 + 5*d. What is the units digit of a(-9)?
3
Let s(x) = -x**3 + 13*x**2 - 11*x - 5. What is the tens digit of s(9)?
2
What is the tens digit of 2/5 - (-58)/5?
1
Let b = 103 + 51. What is the units digit of b?
4
Let i(j) be the first derivative of j**2/2 - 4*j - 3. Let k be i(4). Let h = k - -5. What is the units digit of h?
5
Let f(z) = z**3 - z**2 + 4*z + 56. What is the units digit of f(0)?
6
Let w(h) = -3*h + 1. Let x be w(-2). Let d(g) = -8*g + 1. Let c(a) = a + 1. Let y(z) = -6*c(z) - d(z). What is the units digit of y(x)?
7
Suppose -3*s + 2*q = 10 - 34, 2*q = 6. Let r be (-3)/(-2)*-1*s. Let z = r + 24. What is the units digit of z?
9
Let b(q) = -q**2 - 9*q - 5. Let j be b(-5). Let r = -9 + j. What is the units digit of r?
6
Suppose 3*k - z = z + 81, -z = 3. Let c be (-18)/10 - 5/k. What is the tens digit of (11 - 3 - c) + 0?
1
Let i be -2 + 5 + (0 - 2). Let m(c) = 34*c + 2. What is the units digit of m(i)?
6
Let l be 160/90 - (-2)/9. Suppose 0 = n - l - 0. What is the units digit of n?
2
Let p(y) = y**3 + y - 32. Let f be p(0). Let i = 15 + f. Let t = i - -25. What is the units digit of t?
8
Suppose -3*y + 0 = -78. Let q(d) = d**2 + 2*d - 1. Let x be q(-5). Let r = y - x. What is the tens digit of r?
1
Let p = 56 - 32. What is the units digit of p?
4
Suppose 3 = 2*o - 1. Let i be (-2 - -6)/o + 3. Suppose -5*n + 50 = 5*j, 0 = i*j + 3*n - 2*n - 30. What is the units digit of j?
5
Let n = 6 + 1. Let u = 10 - n. What is the units digit of u?
3
Let c = 10 - 6. Let d = c + 10. What is the units digit of d?
4
Let f be (-1)/(6/8 - 1). Suppose 0 = f*m - 2*m. Suppose 4*t + 4*a - 24 = m, 0 = -5*t + 4*a + 42 + 33. What is the units digit of t?
1
Let c(i) = 3*i + 25. What is the tens digit of c(14)?
6
Let g(f) = 4*f**2 - 10*f + 12. What is the tens digit of g(5)?
6
Let t(z) = 26*z - 2. Let h(f) = -26*f + 3. Let x(i) = -4*h(i) - 5*t(i). What is the tens digit of x(-1)?
2
What is the tens digit of (12/24)/((-2)/(-172))?
4
Suppose 2*b + z - 10 = -27, b - z + 7 = 0. Let p = 19 + b. What is the units digit of p?
1
Let l(i) = 331*i**2 + 13*i - 14. What is the hundreds digit of l(1)?
3
Let k(r) = r + 4*r - 3*r. Let y be k(1). Suppose 0 = y*g - g - 11. What is the tens digit of g?
1
Let g(a) = a**3 + 7*a**2 - a - 3. Let r be g(-7). Suppose r*s - 30 = -s. What is the units digit of s?
6
Suppose -g - 3 = 1. Let l be 1 + g - (-9 + -4). What is the units digit of (-16)/l*(0 - 5)?
8
Let d = 64 + -35. Suppose 0 = j - 2*j + d. What is the tens digit of j?
2
Let k = -192 + 331. What is the hundreds digit of k?
1
Let h = 55 + -52. What is the units digit of h?
3
Let u(b) = -4*b - 10. Let m be u(-7). What is the units digit of ((-3)/(-2))/(m/48)?
4
What is the units digit of -1*(-2 + -3)*3?
5
Let a = 4 - 0. Suppose 5*z - a*i = 167, 3*z - 2*i + 5*i - 84 = 0. What is the units digit of (-2)/(-8) - z/(-4)?
8
Suppose -2*v + 40 = 2*v. Suppose -66 = -v*y + 4*y. What is the tens digit of y?
1
Let h be (6/(-3))/((-1)/(-2)). Let n(a) = -a**3 - 5*a**2 - 3*a + 5. What is the units digit of n(h)?
1
Let u(d) = d - 5. Let i be u(6). Suppose 3*o = -5*w - i, 0*w - 4 = 2*w. What is the units digit of o?
3
Let h = -24 - -74. What is the tens digit of h?
5
Let l be -1 + -1 + 15*-2. What is the units digit of -1*5/(20/l)?
8
Let a = 23 + -1. What is the units digit of a?
2
Let h be (-1 + 2)/(3/(-45)). Let l = 23 + h. What is the units digit of l?
8
Let k(f) = f**3 + 6*f**2 - 7*f - 8. Let r be k(-7). Let i(h) = h + 2. Let x be i(r). What is the units digit of ((-4)/(-3))/((-4)/x)?
2
Let i(m) = m + 4. Suppose 5*k - 3 = -j + 23, 2 = k - 3*j. What is the units digit of i(k)?
9
Let d(y) = y**3 - 8*y**2 - 11*y + 12. Let k be d(9). Let l(m) = m**3 + 6*m**2 - m + 1. Let a be l(k). Suppose 3 + a = w. What is the units digit of w?
0
Suppose 0 = 4*q - 0 + 4. Let w be (-2 - (q - 0)) + 1. Suppose -20 = -4*a - w. What is the units digit of a?
5
Let x(a) be the first derivative of a**3/3 - a**2 - a + 2. What is the units digit of x(4)?
7
Let a(b) = -b**3 + 6*b**2 - 4*b. What is the units digit of a(4)?
6
Let y(q) = -10*q. Suppose 4*p - 2*c = c - 2, -2*p - 4*c = 12. Let a be y(p). What is the units digit of 2/5 - (-152)/a?
8
Let k(x) = -3*x + 20. Let g(h) = -5*h + 30. Let v(t) = -5*g(t) + 8*k(t). Let m be v(-7). What is the tens digit of (1 - (m + 19))/(-1)?
2
Let l(i) = -i**2 - 7*i + 1. Let t be l(-6). Suppose 5*f + c - 2*c = 46, 2 = -2*c. Suppose 4*g - f = t. What is the units digit of g?
4
Let k(w) = w**3 + 14*w + 2*w**2 - 2*w**2 - 8 - 12*w**2 - 7. What is the tens digit of k(11)?
1
Let n = 7 - 5. Let z(i) = 3*i + 1. Let j be z(n). Suppose -3*p + j = -5. What is the units digit of p?
4
Suppose -3*t + 6 = -4*n + 15, -5*t = 3*n - 14. Suppose t = -h - 0*h + 3*z, 2*h + z = 26. What is the units digit of h?
1
Let u be (-718)/(-14) - (-4)/(-14). What is the units digit of (-3 + u/9)*12?
2
Let z = 9 + -11. Let k(w) = -13*w - 3. What is the units digit of k(z)?
3
Let r(h) = h**3 - 9*h**2 + 8*h - 6. Let i be r(8). Let x = i - -8. Suppose -k + 5*k - 5*b - 41 = 0, 2*b + x = 0. What is the units digit of k?
9
Suppose 0 = g + 2. Let d(b) = b**3 + 3*b**2 + 2*b. Let l be d(g). What is the units digit of (-2 - l - -3)*2?
2
Suppose 34 = -4*q - p + 187, p = 3*q - 113. Suppose -4*f - 34 = 3*l + 31, -3*f + 3*l = 54. Let k = q + f. What is the tens digit of k?
2
Suppose -2*n + 4*j + 129 = -115, -326 = -3*n - 2*j. What is the hundreds digit of n?
1
Suppose 37*p = 34*p + 90. What is the tens digit of p?
3
Let o(y) = -9*y - 8. What is the tens digit of o(-3)?
1
Suppose -7 - 9 = 4*j. Let x(c) = c**2 + c - 3